alse
Is 7249512 a multiple of 248?
False
Is 94112 a multiple of 68?
True
Is 2084232 a multiple of 310?
False
Does 407 divide 1399783?
False
Is 3320049 a multiple of 51?
True
Does 693 divide 1303620?
False
Is 1898641 a multiple of 20?
False
Does 3 divide 74223?
True
Is 3958417 a multiple of 178?
False
Does 102 divide 561604?
False
Is 1139663 a multiple of 61?
True
Is 2414 a multiple of 42?
False
Does 15 divide 111630?
True
Is 1924871 a multiple of 107?
False
Is 57 a factor of 5640264?
True
Is 1686336 a multiple of 24?
True
Is 5 a factor of 1563963?
False
Does 360 divide 15266351?
False
Does 13 divide 4220545?
False
Is 15 a factor of 93060?
True
Is 16567935 a multiple of 882?
False
Is 1015720 a multiple of 670?
True
Does 99 divide 10334?
False
Does 102 divide 135252?
True
Is 7 a factor of 342757?
False
Is 192337 a multiple of 191?
True
Does 116 divide 105792?
True
Is 413 a factor of 5449948?
True
Is 143 a factor of 4771884?
False
Is 154 a factor of 144144?
True
Is 15 a factor of 820620?
True
Does 11 divide 14047?
True
Does 975 divide 24170364?
False
Is 3950328 a multiple of 12?
True
Is 7 a factor of 52451?
True
Is 177 a factor of 447255?
False
Is 42 a factor of 7133358?
False
Is 92 a factor of 288829?
False
Is 841760 even?
True
Does 33 divide 93526?
False
Does 7 divide 2095546?
False
Is 113 a factor of 5734976?
True
Does 403 divide 2037971?
True
Is 12 a factor of 176766?
False
Does 13 divide 1283204?
True
Does 35 divide 24076?
False
Is 68640 a multiple of 15?
True
Is 12741299 a multiple of 20?
False
Is 57 a factor of 3709845?
True
Is 5608365 a multiple of 217?
True
Is 4956156 a multiple of 11?
False
Is 21 a factor of 16128?
True
Is 439553 a multiple of 235?
False
Is 10767 a multiple of 111?
True
Does 136 divide 1019653?
False
Does 103 divide 1267003?
True
Is 652 a factor of 742356?
False
Does 226 divide 1944278?
True
Is 13 a factor of 14251848?
True
Is 3531 a multiple of 13?
False
Does 8 divide 32523?
False
Is 47 a factor of 427?
False
Does 14 divide 6390552?
True
Does 272 divide 6114288?
True
Is 138 a factor of 3623466?
True
Is 363015 a multiple of 94?
False
Is 27 a factor of 8227035?
True
Does 45 divide 200768?
False
Is 261612 a multiple of 129?
True
Is 3298574 a multiple of 2?
True
Is 1330914 a multiple of 3?
True
Is 17 a factor of 32563?
False
Is 275907 a multiple of 24?
False
Is 180 a factor of 47520?
True
Is 171843 a multiple of 49?
True
Does 705 divide 3954550?
False
Is 31 a factor of 607149?
False
Is 2 a factor of 304550?
True
Is 5517380 a multiple of 22?
True
Does 155 divide 3134875?
True
Does 148 divide 2283492?
True
Does 22 divide 289431?
False
Is 19 a factor of 40565?
True
Does 7 divide 290712?
False
Does 383 divide 149082?
False
Is 4419002 a multiple of 7?
True
Does 317 divide 161353?
True
Is 55514 a multiple of 41?
True
Is 254678 a multiple of 58?
True
Is 285423 a multiple of 47?
False
Is 462 a factor of 356202?
True
Is 162025 a multiple of 438?
False
Is 43431 a multiple of 93?
True
Is 239270 a multiple of 106?
False
Does 113 divide 210519?
True
Is 18 a factor of 982944?
True
Does 168 divide 233387?
False
Does 80 divide 995829?
False
Does 6 divide 168983?
False
Is 2623338 a multiple of 18?
True
Does 30 divide 1464505?
False
Does 11 divide 17677?
True
Is 265776 a multiple of 14?
True
Is 313 a factor of 10924391?
False
Does 2 divide 33651?
False
Is 1398033 a multiple of 39?
True
Does 20 divide 137672?
False
Is 2134537 a multiple of 870?
False
Is 12 a factor of 31773?
False
Does 22 divide 30404?
True
Does 71 divide 43779?
False
Does 520 divide 551625?
False
Is 467871 a multiple of 223?
False
Does 19 divide 197034?
False
Is 69 a factor of 733539?
True
Is 322828 a multiple of 23?
True
Is 182516 a multiple of 412?
True
Is 17 a factor of 703698?
True
Is 722150 a multiple of 325?
True
Is 135 a factor of 499525?
False
Does 1481 divide 1069282?
True
Does 282 divide 157074?
True
Does 7 divide 4495497?
False
Is 60971 a multiple of 39?
False
Is 14 a factor of 156184?
True
Is 24 a factor of 347568?
True
Is 149 a factor of 4809?
False
Is 9 a factor of 944874?
True
Does 49 divide 145926?
False
Is 23 a factor of 260990?
False
Is 692286 a multiple of 7?
True
Is 264600 a multiple of 98?
True
Does 304 divide 3123828?
False
Is 1350888 a multiple of 11?
True
Does 5 divide 34325?
True
Is 38 a factor of 99180?
True
Does 797 divide 13109853?
True
Is 24 a factor of 297554?
False
Is 6558057 a multiple of 781?
True
Does 8 divide 165424?
True
Is 1182177 a multiple of 72?
False
Is 92260 a multiple of 140?
True
Is 320 a factor of 1960640?
True
Is 6729723 a multiple of 273?
True
Is 169328 a multiple of 10?
False
Is 45 a factor of 54790?
False
Is 180 a factor of 58860?
True
Is 30 a factor of 291540?
True
Is 25 a factor of 452650?
True
Is 5 a factor of 76125?
True
Is 52 a factor of 346112?
True
Is 330928 a multiple of 16?
True
Is 20495514 a multiple of 78?
True
Is 12 a factor of 321391?
False
Does 36 divide 121440?
False
Does 10 divide 1452660?
True
Does 2 divide 924815?
False
Is 72 a factor of 26951?
False
Does 56 divide 60144?
True
Is 300 a factor of 841200?
True
Does 292 divide 303936?
False
Is 6 a factor of 18876?
True
Is 11 a factor of 543917?
True
Is 197 a factor of 248416?
False
Does 111 divide 376973?
False
Is 4 a factor of 370202?
False
Is 19923144 a multiple of 49?
False
Is 17933 a multiple of 79?
True
Is 54 a factor of 631754?
False
Does 515 divide 52668?
False
Is 2517012 a multiple of 20?
False
Is 28323 a multiple of 5?
False
Does 92 divide 339112?
True
Is 949 a factor of 530491?
True
Is 33 a factor of 3223407?
True
Does 268 divide 466588?
True
Does 647 divide 42055?
True
Is 9 a factor of 555781?
False
Is 63993 a multiple of 249?
True
Is 30624 a multiple of 48?
True
Is 294 a factor of 286356?
True
Is 5 a factor of 90917?
False
Is 8 a factor of 1520775?
False
Does 98 divide 320950?
True
Is 829819 a multiple of 36?
False
Does 8 divide 282904?
True
Is 173090 a multiple of 14?
False
Is 156 a factor of 221988?
True
Is 792 a factor of 3503016?
True
Is 607224 a multiple of 86?
False
Does 368 divide 19504?
True
Is 28 a factor of 627004?
True
Is 188308 a multiple of 267?
False
Is 95 a factor of 366795?
True
Does 242 divide 3552629?
False
Is 2406371 a multiple of 18?
False
Is 14576349 a multiple of 278?
False
Is 90 a factor of 19665540?
True
Does 8 divide 186851?
False
Is 1431024 a multiple of 117?
False
Is 558 a factor of 233244?
True
Does 18 divide 10802034?
True
Does 5 divide 80965?
True
Does 118 divide 663868?
True
Does 10 divide 109655?
False
Is 28 a factor of 29316?
True
Is 202987 a multiple of 66?
False
Is 59 a factor of 89208?
True
Is 365320 a multiple of 27?
False
Is 106590 a multiple of 30?
True
Is 9 a factor of 1975167?
True
Is 32146380 a multiple of 402?
False
Is 87240 a multiple of 12?
True
Is 382 a factor of 2355573?
False
Is 5522521 a multiple of 269?
False
Is 6450018 a multiple of 187?
False
Is 130 a factor of 825299?
False
Is 108 a factor of 537877?
False
Does 200 divide 77645?
False
Does 42 divide 17568379?
False
Is 39123412 a multiple of 1857?
False
Is 1211429 a multiple of 383?
True
Is 1062 a factor of 24993440?
False
Is 14 a factor of 6090?
True
Does 870 divide 201840?
True
Is 1053745 a multiple of 1309?
True
Does 14 divide 1328021?
False
Is 11 a factor of 258808?
True
Is 7759152 a multiple of 1296?
True
Is 3402646 a multiple of 169?
True
Is 54216 a multiple of 72?
True
Is 887255 a multiple of 606?
False
Does 45 divide 320761?
False
Does 54 divide 14310?
True
Is 22 a factor of 323754?
False
Does 21 divide 187908?
True
Is 730247 a multiple of 776?
False
Does 1400 divide 9612400?
True
Is 1871772 a multiple of 42?
True
Does 435 divide 1772190?
True
Is 220 a factor of 648120?
True
Is 70 a factor of 10955205?
False
Is 205797 a multiple of 3?
True
Is 28 a factor of 134890?
False
Does 1359 divide 1467720?
True
Is 20 a factor of 85560?
True
Is 2132300 a multiple of 25?
True
Does 104 divide 92837?
False
Does 11 divide 106167?
False
Is 1094439 a multiple of 60?
False
Does 55 divide 182686?
False
Is 813 a factor of 2738184?
True
Does 114 divide 1578558?
True
Is 2 a factor of 718483?
False
Is 95 a factor of 281242?
False
Is 127602 a multiple of 3?
True
Is 481 a factor of 182219?
False
Is 65720 a multiple of 106?
True
Does 411 divide 528546?
True
Is 